- 59 - 46. Let x(m) = -2*m**2 + 47*m + 1. Let v be x(y). What is the highest common divisor of v and 2?
2
Let d = 17769 + -13875. Calculate the greatest common factor of d and 3.
3
Let g = -8452 - -8464. Calculate the highest common factor of g and 17916.
12
Let h(b) = b**3 - 20*b**2 + 11*b + 23. Let i be h(20). Suppose -27 = 3*w - i. Calculate the greatest common factor of w and 48.
24
Suppose 71*n - 1733 = 1178. Calculate the greatest common divisor of 41 and n.
41
Let n be (215/3)/(289/69360). Calculate the highest common divisor of n and 16.
16
Let b be (-2 + 0)/(-4*4/(-856)). Let t = b - -151. What is the highest common divisor of t and 44?
44
Let a(u) = u**3 + 12*u**2 - 3*u - 3. Suppose -12*w + 9*w = 6, -4*w = 4*p + 44. Let i be a(p). What is the greatest common divisor of i and 712?
89
Let m(i) = 3*i**3 - 24*i**2 + i - 10. Let p be m(13). Let v be (p/12 - 11) + 1/(-2). What is the greatest common divisor of 25 and v?
25
Let k = -364 - -339. Let x be -1 + 2 - 225/k. Suppose f = -2*f - 4*u, 0 = 3*f - 4*u - 24. Calculate the greatest common factor of x and f.
2
Let y be (-3)/3 + (1369 - -2). Suppose -4*t - 182 = -y. Let w = -882 - -909. What is the highest common factor of w and t?
27
Suppose -3*v - 348 = -2*b, 2*v + 138 = -3*b + 673. Suppose 159 = 14*p - b. Calculate the greatest common factor of 216 and p.
24
Let a be (-33 - -1)/(-2*2/194). What is the highest common divisor of a and 64?
16
Let l be ((-222)/4)/((-54)/144). Suppose -l*c + 153*c = 1850. What is the greatest common divisor of 10 and c?
10
Let q(v) = -6*v - 206. Let n be q(-38). Let l be 2/(-4)*(26 + 0). Let i = n - l. Calculate the highest common divisor of i and 14.
7
Let u = -61 + 25. Let i = u - -41. Let b = -152 - -154. Calculate the highest common divisor of b and i.
1
Suppose 37 = 4*f - 127. Let b = f - 37. Suppose -5*z = -a + 31, z = -a - b*z + 41. Calculate the greatest common divisor of 12 and a.
12
Suppose 0 = 14*b - 287 - 119. What is the greatest common divisor of b and 3625?
29
Suppose 72 = 9*b - 0. Let i be b/(7/(-560)*-5). Calculate the greatest common divisor of 96 and i.
32
Let z(n) be the first derivative of -2*n**3/3 + 15*n**2/2 - 15*n + 13. Let w be z(6). Suppose 4*m - 33 = w. Calculate the greatest common factor of 9 and m.
9
Let h = -9228 - -9393. Calculate the highest common factor of h and 3267.
33
Let v(z) = z**3 + 29*z**2 + 170*z - 60. Let p be v(-15). What is the greatest common divisor of 8235 and p?
135
Suppose 43*a + 27 = 44*a. Suppose -a = -10*g + 13. Suppose -u - 24 = -g*u. Calculate the greatest common factor of u and 36.
4
Suppose -x = -703*d + 699*d + 701, 1226 = 7*d - x. Calculate the highest common factor of 105 and d.
35
Suppose -4*o = 6*o - 2760. Suppose -3294 = -3*j + 2*y - o, j = 3*y + 999. Calculate the greatest common divisor of j and 14.
14
Suppose -f = -0*f - 117. Suppose 5*q - 3010 = -d + 379, -3*q + 2*d + 2036 = 0. Let i = 691 - q. What is the greatest common factor of i and f?
13
Let i(w) be the first derivative of 31*w**2/2 + w + 2. Let j be i(6). Suppose 142*r - 1501 = 913. Calculate the highest common factor of r and j.
17
Suppose 11*t - 71 - 2172 - 188 = 0. What is the greatest common divisor of 533 and t?
13
Let i = 30 - 0. Let y = 344 + i. Let o = -106 + 140. Calculate the highest common divisor of y and o.
34
Let b(x) = 11*x - 6. Let o be b(6). Let a(y) = -y**3 - 137*y**2 - 18*y - 2394. Let n be a(-137). Calculate the highest common divisor of o and n.
12
Let n be 4/6*((-2)/(-1) + 1). Suppose 9*y - n*y - 91 = 0. Suppose 5*s = m + 2*s - 22, 9 = -3*s. Calculate the highest common factor of y and m.
13
Suppose 0 = -1152*g + 1141*g + 594. What is the greatest common divisor of 1377 and g?
27
Suppose 0 = -2*g + 10, -15*i + 5*g - 10 = -12*i. Calculate the greatest common factor of i and 330.
5
Let g(y) = 2425*y - 3698. Let o be g(3). Calculate the greatest common factor of 490 and o.
49
Let h = 46452 + -46445. Let q = -266 - -399. What is the greatest common factor of h and q?
7
Let u be 2*18/(-24)*14/(-3) - -70. Let k be (-175)/(-3) - 6/(-9). Let v = u - k. Calculate the greatest common factor of v and 162.
18
Let z(m) = -m**3 - 30*m**2 - 58*m + 48. Let h be z(-28). Suppose 0 = 8*i - 0 - h. What is the greatest common factor of 1 and i?
1
Let x(p) = -p**2 - 34*p - 63. Let l be x(-31). Let k(u) = -48*u + 26. Let q be k(-8). Calculate the highest common factor of q and l.
10
Let p(w) be the third derivative of -w**6/120 - 7*w**5/30 + 3*w**4/8 - 3*w**3 - 181*w**2. Let h be p(-15). Calculate the greatest common factor of h and 45.
9
Suppose -3*r = 3 - 21. Suppose x + 485 = -5*l, -3*x + 495 = -5*l - r*x. Let t = -74 - l. Calculate the greatest common factor of 88 and t.
22
Let x be 10 + 8355/105 - (2 - (-34)/(-14)). Calculate the highest common divisor of x and 9270.
90
Let x be 0 + (91 - -1) - -1. Let b be 10 - 3784/(-55) - 8/10. Suppose b*p = 80*p - 62. Calculate the highest common factor of p and x.
31
Suppose 0 = -80*r + 13 + 592 + 115. Let y be (192/(-56))/(2/(-84)). Calculate the greatest common factor of r and y.
9
Let b(o) = 2*o**2 - 7*o + 2. Let s be b(6). Let d be 33231/99 + 2/(-2 - -8). Suppose 0 = 821*h - 828*h + d. What is the highest common factor of s and h?
16
Suppose 5*j + 535 = 4*t, 0 = 56*t - 59*t - 4*j + 440. Calculate the highest common divisor of 60 and t.
20
Let k = 124 + -40. Suppose -2*d = 1 - 14 - 35. Calculate the greatest common divisor of k and d.
12
Let u = -70 + 112. Suppose 4*z = 5*h - 51, 7*h - 8*h + 5*z + 27 = 0. What is the highest common factor of h and u?
7
Let y = -16 + 21. Suppose 546 = 5*o - 4*h, -5*o - 251 = y*h - 761. Let q be (-1)/(10/(-265))*(22 + -12). Calculate the greatest common divisor of q and o.
53
Suppose 4*o - p + 9664 = 26180, -6*p + 24 = 0. Calculate the greatest common factor of o and 140.
70
Suppose -2*t + 4190 = 5*o, -2*o + 23*t + 1685 = 22*t. What is the greatest common factor of 3255 and o?
105
Let o(t) = -2*t + t + 3938 - 3882. Let s be o(-13). What is the highest common factor of s and 23?
23
Suppose 25710 = 132*g - 14418. What is the highest common factor of 323 and g?
19
Let q(m) be the second derivative of -1/3*m**3 - 8*m + 0*m**2 + 0 + 107/12*m**4. Let a be q(1). Calculate the greatest common factor of 21 and a.
21
Let t = -25993 + 26049. What is the greatest common divisor of t and 133?
7
Let x be (-4)/20 - 4380/(-25). Suppose 3*t + w = 101, 0*t - 5*t + x = 5*w. Let c be 132/(-24)*3*-8. Calculate the greatest common factor of c and t.
33
Suppose 3*f - 5*n - 39 = 0, 3*f = -n - 0*n + 39. Suppose 5*o + 16 = 6*o. Suppose k - o + 3 = 0. What is the greatest common divisor of f and k?
13
Let g(v) = -725*v - 9250. Let h be g(-23). Calculate the greatest common factor of 297 and h.
297
Let p = 15156 - 13583. What is the greatest common divisor of p and 4433?
143
Let h(l) = -699*l**2 + 3543*l + 2. Let w be h(5). What is the greatest common factor of 6 and w?
2
Suppose -5*z + 246 = 1061. Let g = z - -338. Suppose 3*t = -r + 24, -7*r - 4*t + g = -2*r. What is the greatest common factor of r and 312?
39
Let q = -20 - -24. Suppose -q*d = 5*c + 2, c + 3*d = 4*d + 5. Suppose -2*n + 8 = -4*r - 8, c*r = 4. What is the highest common divisor of 6 and n?
6
Let l(b) = 4*b**3 + 3*b**2 - 20*b + 82. Let d be l(4). What is the highest common factor of 486 and d?
18
Let b be (-2)/((-10 + 0)/5). Let p be 0 - (348/(-16) - b/4). Let d = p + -7. What is the greatest common divisor of d and 90?
15
Suppose -5*g + 20 = 0, 4*q - q = -3*g - 624. Let s = q - -293. What is the highest common divisor of s and 135?
27
Let j be 215/(-172) + (-553)/(-4). Suppose h - d + 41 = j, 3*d + 96 = h. Calculate the greatest common factor of h and 216.
24
Let x(l) = 4*l**2 + 11*l + 59. Let o be x(3). What is the greatest common divisor of 256 and o?
128
Suppose -177656 = 17*w - 436*w. Calculate the highest common factor of w and 1378.
106
Let x = -89 + 111. Suppose -x = -5*l + 28. Suppose 2*y - 4 = 2*h - l, -2*h + 3*y = -2. What is the greatest common divisor of 14 and h?
7
Suppose -o - 3*v + 306 = 0, 44*o - 1217 = 40*o - 5*v. Suppose z + 2*z - o = -3*l, -z - 4*l = -107. Calculate the highest common divisor of z and 231.
33
Suppose 14792 + 18996 = 4*p. Suppose 9*h - 1328 = -p. Let n be (-6)/(-8) + (-5 - h/28)